ainder when h(0) is divided by -1*(-32 + n - 1 - -3).
19
Let b = -1262 - -1299. Calculate the remainder when 1589 is divided by b.
35
Let z = 3892 - 3886. Let q(f) = -86*f - 3. What is the remainder when q(-4) is divided by z?
5
Let z be -9 - (-85 - (-35)/(-7)). Suppose -83*m + z*m = -310. What is the remainder when m is divided by 68?
19
Let u(w) = -14*w**2 - 360*w - 41. Let y(f) = 58*f - 7. What is the remainder when u(-25) is divided by y(2)?
100
Suppose 0 = -10*f + 6*f - 80. Let u = 55 + f. Let y = u - 17. What is the remainder when y is divided by 5?
3
Let k = 36 + -5. Suppose 120 = 2*l + 3*a, l + 2*a = a + 61. Calculate the remainder when l is divided by ((-35)/15 - -3)*(k - -2).
19
Let w(a) = -13*a - 13. Let d(g) = 6*g + 7. Let z(i) = -14*d(i) - 6*w(i). Let v be z(-4). Let q = 12 - v. What is the remainder when 22 is divided by q?
6
Let o be (-1 - (-148)/(-16))*12. Let u = o + 1296. What is the remainder when u is divided by 28?
25
Suppose 2*l - l + 7 = 0. Let b(v) = v**3 + 6*v**2 - 10*v - 4. Let x(t) = 11*t**2 + 5*t - 6. Calculate the remainder when b(l) is divided by x(1).
7
Let c = 63 + -49. Suppose 0 = c*y - 227 + 45. What is the remainder when 193 is divided by y?
11
Let x(j) = -j**3 - 10*j**2 + 12*j + 4. Let z be x(-11). Let u(c) = -83*c - 14. What is the remainder when u(z) is divided by 57?
54
Let b = -544 - -161. Let m = 432 + b. Calculate the remainder when m is divided by 28.
21
Let q = -266 - -719. Calculate the remainder when q is divided by 33.
24
Suppose -4*k - 4*h + 376 = 0, 41*h - 88 = -k + 43*h. What is the remainder when k is divided by 26?
14
Let j(h) = -8*h + 1. Let a(n) = 58 + 21*n - 96 - 99. Calculate the remainder when j(-6) is divided by a(7).
9
Suppose 2330 = 16199*f - 16194*f. Calculate the remainder when f is divided by 104.
50
Let r = 23684 - 23680. Let k = 11 - 4. Calculate the remainder when k is divided by r.
3
Let w(o) = -2*o**2 + 9*o. Let c be w(4). Let z be c/(-1 - -2) - (4 - 0). Suppose -70*r + 66*r + 252 = z. What is the remainder when r is divided by 5?
3
Let u(j) = j**3 + 17*j**2 + 9*j - 70. Let h be u(-16). Suppose 4*o - h = 5*t, 0*t + 67 = 5*o + t. Calculate the remainder when 440 is divided by o.
11
Suppose 24*a - 49773 - 123195 = 0. What is the remainder when a is divided by 2402?
1
Suppose 0 = a - 8 - 0. Let p = 209 - 166. Suppose -79*n + 31 = x - 75*n, -x + 2*n = -p. What is the remainder when x is divided by a?
7
Let u be 6/(-4) + -2*88/32. What is the remainder when (u/21)/((-2)/516) is divided by 19?
10
Let a be (-2)/3 - (-240)/90. Suppose 24 = -a*s + 228. Suppose -2*p + 23 = -7. What is the remainder when s is divided by p?
12
Suppose 11*w = -3*w - 126. Let t(c) = c**3 + 12*c**2 - 8*c - 21. Calculate the remainder when t(w) is divided by 11.
8
Suppose d + j = 89 + 24, -5*j = 2*d - 235. Calculate the remainder when 192 is divided by d.
82
Suppose 0 = m, -4*d + 80 = -5*m - 1424. Calculate the remainder when d is divided by 5.
1
Let c = -456 - -786. Suppose 8*s - 3*s = c. Calculate the remainder when s is divided by 17.
15
Let w = 8097 - 8086. What is the remainder when 2780 is divided by w?
8
Let m be (-4)/(-14) - 2519/(-77). Let p = -40 - -42. Suppose -t = 2*c - m, c + p*c = 5*t + 30. Calculate the remainder when c is divided by 4.
3
Let w be (-1)/((3/(-9))/((-21)/9)). Calculate the remainder when (16/2)/(w/(-112)) is divided by 45*1 + (4 - 5).
40
Let f = -292 + 285. What is the remainder when (36/f)/(((-60)/(-35))/(-6)) is divided by 6*2/((-12)/(-2))?
0
Let f(d) = 20*d - 221. Let b be f(11). What is the remainder when (19*b)/(30/(-90)) is divided by (2/(4/58))/1?
28
Let d = 67 - 64. Let n be (4 - (4 + 0))/(-1). Suppose n = -f + 1 + d. Calculate the remainder when 5 is divided by f.
1
What is the remainder when 266 is divided by (-14)/((-28)/194) + 14?
44
Calculate the remainder when 12448 is divided by 20 + 3 + (-2 + -2)*(-10 - -12).
13
Suppose 3*g - 32 = 2*g. Let t(f) = -19*f**2 - 3*f - 8. Let k be t(-24). Calculate the remainder when k/(-176) - -2*(-1)/(-11) is divided by g.
30
Let x = 26 - 25. Let j(c) = -4*c + 2. Let o be j(x). Let v = o - -11. What is the remainder when 25 is divided by v?
7
Let m(j) be the third derivative of j**6/120 + 2*j**5/15 + j**4/3 + 2*j**3 + 13*j**2. Let k = 59 + -66. What is the remainder when 19 is divided by m(k)?
4
Let j = 2335 + -2313. Suppose 0 = l + l - 8. Suppose 0 = l*b + 2*c - 8, 2*c = b + 3*b - 24. What is the remainder when j is divided by b?
2
Let t = 5 + 1. Suppose -t*y - 12*y + 2286 = 0. Calculate the remainder when y is divided by 36.
19
Suppose 5*r = -5*y + 135, -917 = 3*r - 938. Let m = -15 - -151. Let f = -79 + m. What is the remainder when f is divided by y?
17
Let o = 31 - 148. What is the remainder when 48 is divided by 1/(-6) - (o/54 - 8)?
8
Let z = 71298 - 71288. Suppose s - 137 = 18. Calculate the remainder when s is divided by z.
5
Suppose -5500 - 6020 = -72*w. What is the remainder when 628 is divided by w?
148
Let h = 7158 + -5892. Calculate the remainder when h is divided by 27.
24
Let d be 5/(20/(-174))*4/(-6). Suppose -o - t = -4 - d, -o + 45 = -5*t. Calculate the remainder when 170 is divided by o.
30
Let z be -2685*((-18)/(-45) - 0). Let f = 1214 + z. What is the remainder when f is divided by 48/(-10)*20/(-6)?
12
Suppose -2*q - 5*y = -7*q - 205, -q - y - 47 = 0. Calculate the remainder when ((-21)/(63/(-9)))/((-6)/q) is divided by 13.
9
Suppose -80 - 18 = -7*y. Let m = 55 + -55. Suppose m = 3*c - 16 - 56. What is the remainder when c is divided by y?
10
Let h = 2308 - 2046. Calculate the remainder when 800 is divided by h.
14
Let y = 604 + -479. Suppose 0*i - 37 = -m - 5*i, -101 = -3*m - 5*i. What is the remainder when y is divided by m?
29
Suppose -2*i = a - 47, 3 = -2*i + 3*a + 46. Let f(z) = -8*z - 109. Calculate the remainder when f(-19) is divided by i.
20
Let l = 14087 - 13171. Calculate the remainder when l is divided by 59.
31
Let y(a) = 17*a - 273. Let f be y(19). Suppose -f*r + 658 + 2942 = 0. What is the remainder when r is divided by 16?
8
Let f(t) = 5*t**3 - 22*t**2 + 101*t - 82. What is the remainder when f(10) is divided by 113?
112
Suppose 0 = -5*w + 20, 2*j - 31*w + 32*w = 222. Calculate the remainder when 205 is divided by j.
96
Let k = -382 + 383. Let y(w) be the second derivative of w**4/12 + w**3/3 - w**2/2 - 3*w. Calculate the remainder when 2 is divided by y(k).
0
Let h be -1 + 831 + (-34)/34. Suppose 3*q + 16 = h. Suppose -2*x - 2*y = -178, 6*x - q = 3*x - y. What is the remainder when x is divided by 19?
15
Suppose -4 - 4 = 4*a. Suppose 4*z - 32 = -5*p, -z - 9 = 5*p - 32. Calculate the remainder when a + 1/(2/24) is divided by p.
2
Let t(g) = -g**3 + 2*g**2 + g + 2. Let n be t(3). Let b(h) = -14*h - 21. What is the remainder when 241 is divided by b(n)?
31
Let y(b) = b**3 + 4*b**2 + b + 6. Let g be y(-4). Suppose -4 = -4*t + g*t, 3*z + 5*t = 148. What is the remainder when z is divided by 24?
22
Let f = 8 + -5. Calculate the remainder when -23*(616/(-528) + (-1)/(-6)) is divided by f.
2
Let z = -51 + 51. Calculate the remainder when (-12 + z - -1)/((-31)/93) is divided by 9.
6
Let x(g) = g**2 - 12*g + 68. Let t be x(5). Calculate the remainder when 145 is divided by ((-7)/(14/4) - -6) + t.
34
Suppose 2*c - 144*x + 148*x = 34, 2*c - 5*x = 88. What is the remainder when 1921 is divided by c?
7
Calculate the remainder when 43272/108*(-12)/(-4) is divided by 148.
18
Let r(i) = 2*i**2 - 3*i - 1. What is the remainder when (32 - (40 - 7)) + 1 + (0 - -48) is divided by r(-3)?
22
Let s(a) = 2009 - 3*a + a**2 + a + 0*a**2 - 1974. What is the remainder when 79 is divided by s(5)?
29
Let h(d) = 10*d + 1. Let f(c) = 11*c + 1. Let v(x) = -6*f(x) + 5*h(x). Suppose 0 = 139*y + 37*y - 33*y + 143. What is the remainder when 102 is divided by v(y)?
12
Let u(y) = -y**3 - 8*y**2 + 4*y - 41. Let c be 3*10/(-180) + 106/(-12). Let l = 28 + -10. What is the remainder when l is divided by u(c)?
2
Suppose 0 = -4*p + 15*l - 20*l + 71, p - 9 = -3*l. Calculate the remainder when 33/9*(1 + 2) is divided by 8 - 0/(p/6).
3
Suppose 6*x = 2*x - z + 92, -2*z - 69 = -3*x. Let d be (7 + -5)/((-2)/(-4)). Suppose d*k = 14*k - 390. Calculate the remainder when k is divided by x.
16
Let z be (117/156)/((-1)/(-4868)). Suppose -5189 = -2